culate the remainder when 27 is divided by i.
6
Calculate the remainder when (-8)/14 + (-131058)/(-1134) is divided by 37.
4
Suppose 0 = -2*h + 8*h - 852. Let c(x) = 3*x**2 + 35*x - 4. Calculate the remainder when h is divided by c(-12).
6
Suppose -50 = -4*n + 6*n. Let p(g) = -4*g - 7. Let r be p(-13). Let b = n + r. Calculate the remainder when 57 is divided by b.
17
Let g = -28575 - -29410. Calculate the remainder when g is divided by 93.
91
Let n(t) = -t - 1. Let l(v) = 6*v + 8. Let g(q) = -l(q) - 4*n(q). Let s = 39 - -70. Calculate the remainder when s is divided by g(-13).
21
Let a(f) = -3*f + 36. Let l(w) = w**2 + 7*w - 1. Let h be l(-4). What is the remainder when a(h) is divided by 13?
10
Let p = 227 - 218. Suppose 200*d = 202*d - 128. Calculate the remainder when d is divided by p.
1
Suppose k - 407 = y - k, 0 = 2*y - 3*k + 816. Let u = y - -434. Calculate the remainder when 298 is divided by u.
22
Calculate the remainder when 222 is divided by (-58957)/(-642) + (-2)/(-12).
38
Suppose p = 2*p - 2*j + 7, 4*j - 21 = -5*p. What is the remainder when 35 is divided by (1 + p*-6 + -3)*-1?
3
Let h(n) = n**2 + 98*n + 1882. What is the remainder when 20031 is divided by h(-24)?
103
Suppose -120 = -40*o + 10*o. Suppose -943 = -o*c - 3*y, 403 = 3*c + 4*y - 313. Calculate the remainder when c is divided by 18.
16
Suppose 0 = 5*z + 4*x - 14 - 19, 3*x - 6 = 0. Calculate the remainder when 5/10*(207 + z) is divided by 37.
32
Let h(g) = 3*g**2 + 191*g - 638. What is the remainder when 89 is divided by h(-67)?
25
Let u be 4/3 - (-24)/36. Suppose 191 = u*n - 1. What is the remainder when n is divided by 18?
6
Let h = 230 + -228. Suppose 5*s - 189 = -h*s. Calculate the remainder when 186 is divided by s.
24
Let l = -5934 + 5973. What is the remainder when 108 is divided by l?
30
Let d(b) = -b**3 + 8*b**2 + 506*b - 508. Let i(t) = 13*t**2 + 4*t + 2. What is the remainder when i(-2) is divided by d(1)?
1
Let c(i) = -i**2 - 33*i - 8. Let h be c(-24). Suppose -584*m = -582*m - h. What is the remainder when m is divided by (-1 + 38/8)*4?
14
Let m be (9/((-72)/(-32)))/(3 + -2). Suppose -144 = -m*a + 2*b, 121 = 3*a + 4*b + 13. Calculate the remainder when -2 + (-34 - -2)*-9 is divided by a.
34
Let k be (-12)/(-3) + (-195)/(-3). Suppose 5 = -8*a + k. What is the remainder when 190 is divided by a?
6
Suppose 3*i - 245 = -167. What is the remainder when 8656/i + 7/91 is divided by 24?
21
Suppose -2*h = -2*m - 66, -m = -2*m. Let q(t) = -t - t**3 - 10*t**2 + 338 + 344 - 1037 - 6*t**2 + 343. Calculate the remainder when h is divided by q(-16).
1
Suppose 17103*j - 4305 = 17100*j. Calculate the remainder when j is divided by 36.
31
Let a be 1/(-3) + (-2396)/(-6). Let c = a + -389. Calculate the remainder when 38 is divided by c.
8
Let z = 18155 - 18082. What is the remainder when 345 is divided by z?
53
Suppose 22*t - 20*t + 2*n = 1678, t = -2*n + 838. What is the remainder when t is divided by 142?
130
Let x(r) = -r + 2. Let c be x(-8). Let k = c + -4. Calculate the remainder when k is divided by (6 + -1)/(1*45/27).
0
Suppose -3*s + 794 = -m + 413, -4*s = -2*m - 506. Calculate the remainder when 393 is divided by s.
9
Let o be (-10)/(-3)*504/(-30). Let m = 65 + o. What is the remainder when m is divided by 6?
3
Let s = -31 - -36. Suppose 2*p - 15 = -n, s*n = 12 + 13. Suppose 0 = m - 3*z - 39, 5*m = 3*m + p*z + 74. What is the remainder when 106 is divided by m?
25
Suppose 0*p + 153 = 3*p. Let t(y) = -669*y - 24742. Calculate the remainder when p is divided by t(-37).
7
Suppose 0 = 898*k - 887*k - 12551. What is the remainder when k is divided by 82?
75
Let y(g) = -g + 8. Let f = 45 - 31. Let q be y(f). What is the remainder when 44 is divided by (q/5)/(30/(-225))?
8
Let x be 712/20 + (-4)/(-10). Suppose -5*a + x = -3*y, 0*y = y + 2. Suppose 532 - 48 = 22*g. Calculate the remainder when g is divided by a.
4
Suppose -o - 166 = -170. Suppose 2*d = -o*q - 2, 2*d - 4*q = 7 + 23. Let z(i) = 11*i**2 - i - 1. What is the remainder when z(-1) is divided by d?
4
Suppose -12*u = -9*u - 3*j + 282, 4*u + j + 356 = 0. Let w = u - -107. Calculate the remainder when 135 is divided by w.
16
Let a be ((-441)/(-6) - 2)*(-2 - 0). Let c = 244 + a. What is the remainder when c is divided by 17?
16
Suppose -6807*w + 6722*w = -10795. What is the remainder when 458 is divided by w?
77
Let k(i) = i**2 + 4*i + 1. Let a be k(-5). Suppose -a*s = -3*s - 60. Suppose 3*u - j - 86 = 0, -u + 12 = -j - s. Calculate the remainder when u is divided by 5.
2
Suppose 185 + 230 + 53 = 52*r. What is the remainder when 725 is divided by r?
5
Suppose 0 = -l + 6*l - 890. Suppose 5*n = -2*k + l, -3*k - 113 = 4*n - 366. Suppose -10*w + 12*w + 714 = 36*w. What is the remainder when k is divided by w?
16
Suppose -3*a - 6*n + 2898 = 0, 10*n - 2919 = -3*a + 11*n. Calculate the remainder when a is divided by 37.
10
Suppose -1216 = -2*d - 4*v + 3804, 2*d - 5074 = 2*v. What is the remainder when 7595 is divided by d?
11
Suppose -2*u - 15 = 4*p - 3*u, 5*p + 2*u + 22 = 0. Let r be ((-2)/(-1))/(6/(-33)). Let s = p - r. Calculate the remainder when 20 is divided by s.
6
Let s = -338 + 352. Calculate the remainder when 78 is divided by 28 - s - (2 - 3 - 1).
14
Let v be 13/(1 - (-20)/(-24)). Let m = 111 - v. Calculate the remainder when m is divided by 6.
3
Let j = 7845 + -7763. Suppose 0 = -6*a - 879 + 3315. Calculate the remainder when a is divided by j.
78
Suppose 53*w - 302 = 493. Let c = -82 + 184. What is the remainder when c is divided by w?
12
Suppose -5*z + 8*b - 4*b + 77 = 0, -5*z = b - 87. Let s(p) = -p**2 + 25*p - 101. What is the remainder when 132 is divided by s(z)?
27
Suppose -3*j + 295 = 1405. Let k = -353 - j. What is the remainder when 47 is divided by k?
13
Let n(c) = 22*c - 2. Let o = -7 - -12. Let d(m) = 45*m - 4. Let b(k) = o*n(k) - 2*d(k). What is the remainder when 52 is divided by b(1)?
16
Let v = -201 + 349. Suppose -4*g + v = 2*p, 0*g + 74 = 2*g - 2*p. What is the remainder when 137 is divided by g?
26
Suppose 18*m + 30*m = 29 + 403. What is the remainder when m is divided by 5?
4
Let z = -3087 + 3677. What is the remainder when z is divided by 159?
113
Suppose 0 = -2*k + 12 - 22, 0 = -v - 3*k + 5. What is the remainder when 150 is divided by v?
10
Let s = -20857 - -20978. What is the remainder when 226 is divided by s?
105
Suppose 2*m - 237 = -5*i, -66 = -m + 16*i - 11*i. Suppose -3*b = b - 408. What is the remainder when b is divided by m?
1
Let s(l) = -101*l**2 + 624*l + 12. What is the remainder when s(5) is divided by 56?
47
Suppose h + t - 262 = 349, 5*h - 4*t - 3100 = 0. Calculate the remainder when 1862 is divided by h.
14
Let n = 7265 - 7102. Calculate the remainder when n is divided by 25.
13
Suppose 4*w - 5*j - 793 = 0, 4*w + 61 - 863 = 2*j. Calculate the remainder when w is divided by 20.
2
Let w = -5750 - -5816. What is the remainder when 6466 is divided by w?
64
Let a(m) = 45*m**3 - m. Let o = 104 - 18. Let x = o + -63. Calculate the remainder when a(1) is divided by x.
21
Suppose 3*z - z = -u + 183, 2*z - 5*u - 189 = 0. Let q = 166 - 94. Let x = q - 53. What is the remainder when z is divided by x?
16
Let t = -3 - -3. Let i = 26 + t. Suppose -5*m - 22 = -k, 7*k + m + 17 = 9*k. Calculate the remainder when i is divided by k.
5
Let t(o) = 12*o**2 - 2*o + 1. Let c = 859 - 591. Suppose 0 = 3*v + n - c, 3*n - 244 = -4*v + 115. What is the remainder when v is divided by t(-1)?
14
Suppose 12259*u - 10624 = 12251*u. What is the remainder when u is divided by 38?
36
Suppose -3*z + 4*i = -283, -z = -2*i - 130 + 35. What is the remainder when 2050 is divided by z?
4
Let m = -3870 - -4224. What is the remainder when m is divided by 89?
87
Suppose -2*y + 82 + 35 = y. What is the remainder when y is divided by 20?
19
Suppose -3*j - 4*t + 10 - 27 = 0, 0 = -5*j - 4*t - 23. Let d = j - -31. What is the remainder when d is divided by 7?
0
Suppose -9*g - 37 = 26. Let b = 91 - 58. What is the remainder when b is divided by ((-17)/g)/((-1)/(-7))?
16
Let r = -174 - -176. Suppose 3*a = r*g - 0*g + 146, -2*a = 5*g - 129. What is the remainder when 154 is divided by a?
50
Suppose -35*t + 6430 = -4884 - 1321. What is the remainder when t is divided by 83?
29
What is the remainder when 691/(-4837) - (-111